) in base 16?
48fd
Convert 20651 (base 10) to base 12.
bb4b
-16445 (base 8) to base 13
-351c
-234340 (base 6) to base 14
-763a
What is -23615 (base 7) in base 16?
-17f9
7972 (base 10) to base 5
223342
-990 (base 12) to base 14
-724
What is -20de (base 16) in base 7?
-33350
What is 28515 (base 10) in base 7?
146064
1011111212 (base 3) to base 14
852d
-17466 (base 11) to base 6
-305254
-366012 (base 7) to base 10
-66894
What is -41378 (base 9) in base 13?
-c560
204602 (base 7) to base 10
35282
Convert 985 (base 11) to base 7.
3306
-30ab (base 14) to base 10
-8383
Convert -2020 (base 4) to base 7.
-253
What is -312d (base 14) in base 6?
-103113
Convert 2a22a (base 12) to base 6.
1133254
What is 1000101101 (base 2) in base 9?
678
What is 27013 (base 9) in base 13?
83bb
111100 (base 3) to base 8
550
Convert -10010110 (base 2) to base 16.
-96
10020212 (base 3) to base 7
6626
Convert 2232 (base 5) to base 11.
269
Convert -470 (base 15) to base 8.
-1755
What is -14916 (base 11) in base 7?
-115301
Convert -300101 (base 5) to base 8.
-22271
3560 (base 8) to base 11
1481
What is 6320 (base 8) in base 2?
110011010000
Convert -34aa (base 12) to base 6.
-43134
Convert -24d (base 15) to base 16.
-20b
Convert 28566 (base 9) to base 8.
45733
Convert 1d (base 15) to base 16.
1c
-2ca5 (base 15) to base 10
-9605
246 (base 8) to base 3
20011
Convert 10100101 (base 2) to base 7.
324
What is -2978 (base 13) in base 11?
-4578
What is -10621 (base 7) in base 15?
-c0a
-588 (base 12) to base 15
-39e
718 (base 14) to base 16
572
Convert -100022002 (base 3) to base 15.
-201e
What is -9a9 (base 12) in base 9?
-1853
What is 82c (base 16) in base 15?
947
3267 (base 8) to base 4
122313
Convert 4516 (base 14) to base 8.
27310
Convert 11101001 (base 3) to base 8.
6163
Convert 1959 (base 14) to base 10.
4587
Convert -2544 (base 6) to base 9.
-781
What is -1508 (base 10) in base 9?
-2055
Convert -30563 (base 8) to base 11.
-9569
What is -60a8 (base 12) in base 8?
-24400
What is 63 (base 13) in base 2?
1010001
Convert 247 (base 16) to base 9.
717
Convert 5997 (base 14) to base 5.
444432
Convert -25762 (base 8) to base 12.
-6616
What is -1627 (base 12) in base 7?
-10435
What is -895a (base 11) in base 4?
-2320122
Convert -411 (base 9) to base 14.
-19c
What is -30012 (base 4) in base 15?
-369
Convert -12596 (base 10) to base 13.
-596c
20233 (base 5) to base 12
91a
-67 (base 9) to base 5
-221
Convert -283 (base 15) to base 2.
-1000111101
Convert -1100100101 (base 2) to base 7.
-2230
-341 (base 6) to base 2
-10000101
What is -1431 (base 7) in base 16?
-231
What is 1a4b (base 14) in base 12?
2917
-8049 (base 14) to base 5
-1201032
What is -312 (base 11) in base 3?
-111221
220112201 (base 3) to base 8
42745
9c3 (base 14) to base 10
1935
22333 (base 4) to base 13
421
What is 3a5 (base 16) in base 8?
1645
Convert 6a1 (base 13) to base 3.
1120102
Convert 83e1 (base 15) to base 5.
1343021
416 (base 9) to base 15
179
1337 (base 13) to base 14
1006
a8 (base 14) to base 8
224
-111113 (base 8) to base 11
-26157
What is -10822 (base 16) in base 10?
-67618
100010 (base 4) to base 13
611
2050 (base 10) to base 3
2210221
Convert 5802 (base 14) to base 7.
62402
Convert 3020 (base 4) to base 14.
104
Convert 3098 (base 12) to base 11.
3a89
588 (base 14) to base 16
44c
-2212100 (base 3) to base 11
-1629
What is -22112011 (base 3) in base 12?
-371a
What is 11074 (base 8) in base 5?
122133
10643 (base 10) to base 7
43013
874 (base 9) to base 15
32a
-c59 (base 16) to base 5
-100121
-5db5 (base 16) to base 12
-11a71
What is -204 (base 14) in base 3?
-112200
-11001100101 (base 2) to base 6
-11325
Convert -3221131 (base 4) to base 13.
-6a54
Convert b66 (base 16) to base 15.
ce8
Convert 525a (base 13) to base 16.
2c86
What is -134455 (base 6) in base 9?
-18378
Convert 100021021 (base 3) to base 5.
204012
Convert 7241 (base 13) to base 2.
11110110011010
-7082 (base 15) to base 3
-1012120112
Convert 203 (base 16) to base 4.
20003
432 (base 8) to base 7
552
What is 332322 (base 4) in base 13?
1aa9
-1b20b (base 12) to base 9
-60832
Convert -787 (base 12) to base 10.
-1111
-1244 (base 9) to base 15
-421
What is 757 (base 8) in base 11?
410
-65365 (base 7) to base 9
-24337
9e (base 15) to base 7
302
What is -3a2b (base 12) in base 2?
-1101000000011
4a62 (base 13) to base 12
613a
-96bc (base 13) to base 6
-240542
What is -1144 (base 7) in base 5?
-3144
What is 8a8 (base 12) in base 4?
110000
-4512 (base 11) to base 13
-2921
-127 (base 16) to base 10
-295
1005 (base 12) to base 16
6c5
-11101000010 (base 2) to base 8
-3502
Convert -21221 (base 8) to base 11.
-6715
What is -68d1 (base 16) in base 15?
-7e3d
2d7 (base 15) to base 7
1621
-11101000 (base 2) to base 11
-1a1
What is 592b (base 12) in base 4?
2123303
What is -1101111000100110 (base 2) in base 11?
-39800
What is 2464 (base 8) in base 15?
5dc
-5621 (base 14) to base 12
-8779
Convert 339 (base 16) to base 8.
1471
-575 (base 13) to base 3
-1021212
22644 (base 8) to base 9
14186
What is 2114 (base 8) in base 2?
10001001100
51077 (base 8) to base 3
1001212211
-10311 (base 7) to base 6
-15500
12789 (base 12) to base 14
9317
Convert 1101111 (base 2) to base 12.
93
165 (base 15) to base 14
18c
Convert -314 (base 13) to base 5.
-4044
What is -5216 (base 9) in base 7?
-14100
Convert 421411 (base 5) to base 9.
21154
aa7 (base 11) to base 12
927
Convert 613 (base 9) to base 2.
111110010
What is 18a8 (base 12) in base 15?
d58
-1184b (base 13) to base 10
-32173
Convert 10000110011 (base 2) to base 8.
2063
Convert 10244 (base 5) to base 15.
319
1e65 (base 15) to base 3
100002012
Convert 22223 (base 5) to base 12.
aa3
Convert 100000110101110 (base 2) to base 15.
4eae
Convert 403 (base 14) to base 4.
30103
What is -4b5 (base 12) in base 3?
-222102
Convert 11011010 (base 2) to base 5.
1333
What is 10001131 (base 4) in base 15?
4d37
Convert -3141114 (base 5) to base 15.
-10909
22352 (base 7) to base 2
1011000101000
-1112000 (base 3) to base 8
-2123
What is -1432 (base 11) in base 10?
-1850
Convert -253 (base 16) to base 9.
-731
-1006 (base 8) to base 14
-290
What is 21362 (base 7) in base 3?
21022122
100010101000100 (base 2) to base 10
17732
102211 (base 4) to base 6
5301
What is 10331 (base 6) in base 3?
1221201
Convert 1ab91 (base 13) to base 16.
cd1c
-3bb9 (base 16) to base 9
-22867
Convert -56305 (base 7) to base 6.
-145451
What is 206052 (base 7) in base 15?
a8a9
Convert 3d6 (base 14) to base 4.
30020
What is -21262 (base 13) in base 2?
-1110100101011001
Convert 1000100 (base 3) to base 15.
343
Convert -467 (base 13) to base 11.
-632
25775 (base 9) to base 10
17402
What is -200120 (base 3) in base 15?
-236
What is -64651 (base 8) in base 14?
-9c01
What is -11000110010 (base 2) in base 13?
-950
-882 (base 9) to base 14
-398
13011 (base 4) to base 15
203
What is -26659 (base 11) in base 2?
-1001010010101010
What is 222211 (base 4) in base 5?
41400
Convert 379 (base 11) to base 2.
111000001
What is -12 (base 12) in base 3?
-112
Convert 18627 (base 10) to base 14.
6b07
Convert -43042 (base 5) to base 4.
-231101
-5305 (base 10) to base 12
-30a1
What is 10331122 (base 4) in base 15?
6044
Convert 6b7 (base 12) to base 14.
519
-1743 (base 13) to base 9
-4636
Convert -1406 (base 8) to base 15.
-369
-110111011 (base 2) to base 16
-1bb
169a (base 11) to base 14
b0a
Convert 101101000101001 (base 2) to base 12.
11435
Convert 101111000111 (base 2) to base 12.
18b3
Convert 1541 (base 10) to base 11.
1181
Convert 100001111110 (base 2) to base 8.
4176
448 (base 9) to base 5
2433
Convert -210210111 (base 3) to base 7.
-64216
What is 3231432 (base 5) in base 9?
83700
Convert 1109 (base 11) to base 7.
4155
Convert 11111011 (base 3) to base 15.
e81
111101001 (base 2) to base 3
200010
33152 (base 8) to base 12
808a
-169 (base 11) to base 14
-100
What is -c050 (base 13) in base 4?
-12130331
What is -2056 (base 9) in base 3?
-2001220
What is -21010201 (base 3) in base 11?
-3a00
What is 984 (base 12) in base 13?
835
Convert 76c (base 13) to base 6.
5521
Convert -1063 (base 12) to base 14.
-92b
-6 (base 11) to base 4
-12
-202000 (base 3) to base 8
-1034
-7364 (base 8) to base 4
-323310
What is 76 (base 16) in base 15?
7d
What is -39d7 (base 15) in base 14?
-4704
Convert 10214 (base 6) to base 1